{"id":492,"date":"2017-03-27T04:51:30","date_gmt":"2017-03-27T03:51:30","guid":{"rendered":"https:\/\/svensksegway.se\/?post_type=product&#038;p=492"},"modified":"2017-03-27T04:51:35","modified_gmt":"2017-03-27T03:51:35","slug":"segsign-smart-bracket","status":"publish","type":"product","link":"https:\/\/svensksegway.se\/?product=segsign-smart-bracket","title":{"rendered":"SegSign &#8211; Smart Bracket"},"content":{"rendered":"","protected":false},"excerpt":{"rendered":"<p>H\u00e5llare f\u00f6r tillbeh\u00f6r. Kr\u00e4ver Cargo Bar. S\u00e4ljes styckvis.<\/p>\n","protected":false},"featured_media":493,"comment_status":"closed","ping_status":"closed","template":"","meta":{"_exactmetrics_skip_tracking":false,"_exactmetrics_sitenote_active":false,"_exactmetrics_sitenote_note":"","_exactmetrics_sitenote_category":0},"product_cat":[19],"product_tag":[],"_links":{"self":[{"href":"https:\/\/svensksegway.se\/index.php?rest_route=\/wp\/v2\/product\/492"}],"collection":[{"href":"https:\/\/svensksegway.se\/index.php?rest_route=\/wp\/v2\/product"}],"about":[{"href":"https:\/\/svensksegway.se\/index.php?rest_route=\/wp\/v2\/types\/product"}],"replies":[{"embeddable":true,"href":"https:\/\/svensksegway.se\/index.php?rest_route=%2Fwp%2Fv2%2Fcomments&post=492"}],"wp:featuredmedia":[{"embeddable":true,"href":"https:\/\/svensksegway.se\/index.php?rest_route=\/wp\/v2\/media\/493"}],"wp:attachment":[{"href":"https:\/\/svensksegway.se\/index.php?rest_route=%2Fwp%2Fv2%2Fmedia&parent=492"}],"wp:term":[{"taxonomy":"product_cat","embeddable":true,"href":"https:\/\/svensksegway.se\/index.php?rest_route=%2Fwp%2Fv2%2Fproduct_cat&post=492"},{"taxonomy":"product_tag","embeddable":true,"href":"https:\/\/svensksegway.se\/index.php?rest_route=%2Fwp%2Fv2%2Fproduct_tag&post=492"}],"curies":[{"name":"wp","href":"https:\/\/api.w.org\/{rel}","templated":true}]}}